se 10) to base 5.
1042
What is -20 (base 5) in base 4?
-22
-155 (base 6) to base 9
-78
20 (base 4) to base 10
8
What is -14 (base 10) in base 12?
-12
33 (base 6) to base 14
17
Convert 130 (base 5) to base 9.
44
Convert 3 (base 13) to base 8.
3
What is -25 (base 7) in base 13?
-16
Convert -3a (base 12) to base 4.
-232
What is -3 (base 6) in base 3?
-10
295 (base 12) to base 8
621
What is -8 (base 14) in base 13?
-8
What is 11011 (base 2) in base 15?
1c
Convert 7 (base 14) to base 3.
21
What is 2 (base 4) in base 11?
2
What is -1 (base 14) in base 15?
-1
Convert 8 (base 9) to base 16.
8
Convert -4d (base 15) to base 10.
-73
2 (base 9) to base 6
2
What is -10 (base 7) in base 2?
-111
Convert 2 (base 8) to base 11.
2
What is -1 (base 7) in base 11?
-1
What is -3 (base 7) in base 5?
-3
a (base 16) to base 7
13
What is 27 (base 8) in base 12?
1b
What is -3 (base 7) in base 9?
-3
What is -7 (base 15) in base 6?
-11
What is 20 (base 8) in base 16?
10
What is 1 (base 5) in base 13?
1
What is -117 (base 8) in base 14?
-59
-2d (base 15) to base 7
-61
-d (base 14) to base 10
-13
Convert 1 (base 16) to base 8.
1
Convert -4 (base 13) to base 8.
-4
What is -10 (base 4) in base 14?
-4
30 (base 10) to base 3
1010
What is -240 (base 6) in base 16?
-60
What is 0 (base 7) in base 11?
0
Convert -10 (base 2) to base 7.
-2
What is 11 (base 13) in base 9?
15
Convert 172 (base 10) to base 15.
b7
103 (base 7) to base 10
52
Convert -29 (base 11) to base 12.
-27
What is -4 (base 11) in base 7?
-4
Convert 236 (base 7) to base 9.
148
-4 (base 8) to base 10
-4
-201 (base 5) to base 6
-123
What is 242 (base 5) in base 13?
57
What is 25 (base 7) in base 2?
10011
What is -113 (base 11) in base 6?
-343
10 (base 4) to base 10
4
What is -22 (base 6) in base 15?
-e
7 (base 14) to base 13
7
-4 (base 7) to base 4
-10
Convert -20 (base 5) to base 7.
-13
-19 (base 10) to base 4
-103
-66 (base 9) to base 10
-60
Convert -3 (base 10) to base 13.
-3
Convert -7 (base 15) to base 3.
-21
What is -3 (base 9) in base 15?
-3
6 (base 9) to base 15
6
What is -11 (base 3) in base 11?
-4
What is 0 (base 16) in base 13?
0
Convert 5 (base 14) to base 12.
5
Convert -22 (base 11) to base 4.
-120
What is 2 (base 6) in base 5?
2
What is -110010 (base 2) in base 13?
-3b
1 (base 13) to base 11
1
-30 (base 10) to base 4
-132
What is -53 (base 7) in base 15?
-28
Convert -12 (base 7) to base 2.
-1001
-10 (base 3) to base 8
-3
Convert -8 (base 10) to base 5.
-13
What is -2 (base 7) in base 13?
-2
-1 (base 16) to base 14
-1
What is 12 (base 9) in base 14?
b
What is 1322 (base 4) in base 14?
8a
Convert 111 (base 2) to base 15.
7
Convert -2 (base 3) to base 9.
-2
What is 111001 (base 2) in base 9?
63
Convert -6 (base 15) to base 9.
-6
Convert -15 (base 9) to base 11.
-13
57 (base 8) to base 3
1202
Convert -19 (base 15) to base 13.
-1b
What is -4 (base 14) in base 9?
-4
What is 1 (base 14) in base 4?
1
What is -100101 (base 2) in base 15?
-27
What is 5 (base 11) in base 10?
5
-2 (base 5) to base 4
-2
Convert 1000 (base 2) to base 7.
11
2a (base 11) to base 13
26
What is -20 (base 7) in base 9?
-15
What is -1 (base 8) in base 6?
-1
Convert 13 (base 13) to base 11.
15
-255 (base 9) to base 12
-158
2 (base 7) to base 16
2
What is 33 (base 12) in base 10?
39
What is -a (base 14) in base 13?
-a
Convert -3 (base 15) to base 13.
-3
Convert -1010 (base 4) to base 6.
-152
Convert 100 (base 5) to base 11.
23
What is 170 (base 12) in base 10?
228
What is 6 (base 7) in base 10?
6
What is 1bb (base 12) in base 8?
437
Convert 10 (base 3) to base 13.
3
6 (base 16) to base 13
6
66 (base 12) to base 5
303
What is -3 (base 11) in base 5?
-3
4 (base 15) to base 3
11
11 (base 3) to base 13
4
Convert -2 (base 7) to base 2.
-10
Convert 3 (base 16) to base 8.
3
-1 (base 15) to base 10
-1
10 (base 9) to base 14
9
What is -5 (base 7) in base 5?
-10
c (base 15) to base 8
14
What is -1001 (base 2) in base 3?
-100
What is -7 (base 11) in base 16?
-7
What is -12 (base 8) in base 2?
-1010
Convert 9 (base 16) to base 15.
9
2410 (base 5) to base 13
214
9a (base 12) to base 14
86
142 (base 9) to base 10
119
-42 (base 11) to base 7
-64
4 (base 12) to base 13
4
What is 28 (base 10) in base 8?
34
What is 110110 (base 2) in base 9?
60
Convert -340 (base 5) to base 2.
-1011111
Convert 26 (base 8) to base 11.
20
What is -6 (base 9) in base 13?
-6
Convert 111001 (base 2) to base 10.
57
What is 3 (base 4) in base 15?
3
Convert -55 (base 15) to base 13.
-62
What is -1 (base 16) in base 13?
-1
Convert -7b (base 12) to base 6.
-235
-103 (base 6) to base 15
-29
Convert 10111 (base 2) to base 8.
27
What is 15 (base 11) in base 3?
121
What is -7 (base 15) in base 9?
-7
Convert -56 (base 9) to base 13.
-3c
What is -123 (base 5) in base 2?
-100110
3 (base 16) to base 11
3
f (base 16) to base 11
14
What is -3321 (base 4) in base 13?
-162
Convert -6a (base 11) to base 16.
-4c
122 (base 6) to base 2
110010
Convert 6 (base 8) to base 14.
6
Convert -9 (base 12) to base 5.
-14
Convert 2013 (base 4) to base 11.
113
Convert 12 (base 3) to base 9.
5
What is 120 (base 4) in base 10?
24
What is 44 (base 5) in base 10?
24
Convert 3 (base 11) to base 8.
3
-20 (base 5) to base 2
-1010
-4 (base 10) to base 15
-4
Convert 0 (base 11) to base 14.
0
Convert -12 (base 12) to base 4.
-32
What is 154 (base 8) in base 14?
7a
Convert 15 (base 16) to base 12.
19
Convert 2 (base 16) to base 11.
2
What is 41 (base 5) in base 13?
18
-2b (base 15) to base 9
-45
What is -6 (base 8) in base 15?
-6
1 (base 16) to base 7
1
-11 (base 2) to base 14
-3
-10 (base 13) to base 2
-1101
What is 0 (base 11) in base 8?
0
1a (base 15) to base 9
27
4d (base 16) to base 7
140
43 (base 8) to base 4
203
What is 13 (base 4) in base 11?
7
Convert 2033 (base 4) to base 3.
12022
-46 (base 15) to base 2
-1000010
What is 5 (base 16) in base 13?
5
What is -10 (base 6) in base 11?
-6
Convert 40 (base 11) to base 6.
112
28 (base 9) to base 2
11010
0 (base 9) to base 11
0
Convert -1a (base 12) to base 7.
-31
-29 (base 12) to base 14
-25
8 (base 16) to base 10
8
Convert 26 (base 7) to base 3.
202
What is 10 (base 8) in base 10?
8
What is 4 (base 10) in base 13?
4
What is 17 (base 14) in base 15?
16
What is -10 (base 14) in base 4?
-32
Convert 6e (base 16) to base 3.
11002
Convert 51 (base 7) to base 2.
100100
Convert 23 (base 12) to base 15.
1c
Convert 2 (base 15) to base 16.
2
What is 3 (base 14) in base 2?
11
-1 (base 11) to base 15
-1
11 (base 4) to base 6
5
Convert -149 (base 11) to base 10.
-174
11021 (base 3) to base 12
97
What is -10 (base 3) in base 6?
-3
What is 1 (base 6) in base 12?
1
What is 13 (base 5) in base 10?
8
3 (base 5) to base 8
3
What is -146 (base 13) in base 14?
-123
What is -101 (base 2) in base 6?
-5
-1 (base 10) to base 4
-1
-1100 (base 2) to base 14
-c
Convert 3 (base 15) to base 7.
3
-1 (base 4) to base 7
-1
Convert -222 (base 10) to base 3.
-22020
Convert -59 (base 16) to base 6.
-225
What is 1 (base 2) in base 9?
1
-c (base 14) to base 7
-15
-7 (base 11) to base 13
-7
What is 3 (base 4) in base 8?
3
-133 (base 10) to base 11
-111
Convert 0 (base 6) to base 5.
0
What is -3 (base 7) in base 2?
-11
18 (base 12) to base 5
40
What is -1 (base 2) in base 6?
-1
What is 43 (base 5) in base 13?
1a
150 (base 13) to base 4
3222
Convert 2 (base 6) to base 4.
2
-10 (base 16) to base 15
-11
-134 (base 8) to base 2
-1011100
What is -1011 (base 4) in base 10?
-69
What is 0 (base 10) in base 13?
0
Convert -15b (base 14) to base 16.
-115
What is -40 (base 8) in base 10?
-32
What is ab (base 12) in base 8?
203
What is -11 (base 3) in base 7?
-4
-2 (base 9) to base 15
-2
15 (base 11) to base 4
100
Convert -315 (base 6) to base 13.
-92
-1d (base 15) to base 5
-103
Convert -1 (base 8) to base 6.
-1
What is 2 (base 11) in base 5?
2
3 (base 8) to base 16
3
What is -2b (base 14) in base 16?
-27
What is 303 (base 6) in base 16?
6f
What is 228 (base 12) in base 13?
1b8
-20 (base 3) to base 5
-11
Convert -29 (base 11) to base 10.
-31
175 (base 16) to base 2
101110101
Convert -12 (base 9) to base 15.
-b
What is 120 (base 3) in base 5?
30
Convert 4 (base 7) to base 11.
4
What is -100 (base 4) in base 16?
-10
Convert -22 (base 5) to base 15.
-c
Convert -c (base 13) to base 8.
-14
-11 (base 6) to base 13
-7
Convert 